ase 16, what is -1 - 39?
-3a
In base 12, what is -91 - 11?
-a2
In base 3, what is -22221 - 10?
-100001
In base 13, what is -5a8 + -5?
-5b0
In base 9, what is -1 + -11067?
-11068
In base 16, what is -50 + 5a?
a
In base 6, what is -42 + -20?
-102
In base 2, what is 101 - -100101?
101010
In base 16, what is 1 + -20?
-1f
In base 16, what is -1662 + 2?
-1660
In base 9, what is 8458 + -5?
8453
In base 4, what is -1201 + 11?
-1130
In base 14, what is -3 + -3a?
-3d
In base 8, what is -2500 - 4?
-2504
In base 15, what is -2 + 1163?
1161
In base 3, what is 20221 + 10?
21001
In base 5, what is -100 + -41?
-141
In base 11, what is 5 - 66?
-61
In base 11, what is -4a57 - 1?
-4a58
In base 11, what is -35 - -8?
-28
In base 5, what is -401 + 11?
-340
In base 16, what is -2de - -1?
-2dd
In base 2, what is 1100111011 - 100?
1100110111
In base 12, what is -1 + -218?
-219
In base 6, what is 1341 + -51?
1250
In base 5, what is -412 + 113?
-244
In base 9, what is -32 + -16?
-48
In base 4, what is 2 - 2010?
-2002
In base 4, what is -1200 + -10?
-1210
In base 13, what is -4c6 - -4?
-4c2
In base 11, what is 156a - -1?
1570
In base 15, what is 5d6a - 3?
5d67
In base 12, what is b03 + -3?
b00
In base 16, what is 3 - 8c2?
-8bf
In base 7, what is -14 - 11?
-25
In base 8, what is -2 - 351?
-353
In base 11, what is 1989 - -1?
198a
In base 3, what is -11 - -20110?
20022
In base 16, what is -1 - -6a?
69
In base 10, what is -1 - -1048?
1047
In base 11, what is -639 - 7?
-645
In base 3, what is 22120 - -1100?
100220
In base 6, what is 3 - -1153?
1200
In base 2, what is -111010010100 + -11?
-111010010111
In base 10, what is 3 - 56?
-53
In base 14, what is c - -6?
14
In base 13, what is -13 - -416?
403
In base 3, what is 1022011 - 100?
1021211
In base 6, what is 12522 + 5?
12531
In base 3, what is -12011 + 0?
-12011
In base 14, what is 1 - 2b7?
-2b6
In base 3, what is -2 + -2012122?
-2012201
In base 6, what is 112011 + 4?
112015
In base 14, what is 5a - -79?
d5
In base 10, what is -31 - 3?
-34
In base 5, what is -14244 - 14?
-14313
In base 4, what is -11 - 3010?
-3021
In base 16, what is 2be7 + -2?
2be5
In base 15, what is -60 - 1?
-61
In base 9, what is -184 + -11?
-205
In base 10, what is 20 + 22?
42
In base 12, what is 27 + -15?
12
In base 12, what is -4 - a4?
-a8
In base 11, what is 999 + 5?
9a3
In base 9, what is 6 + -4471?
-4464
In base 16, what is 4 + -61?
-5d
In base 16, what is 2a - 18?
12
In base 16, what is -67 + -1f?
-86
In base 2, what is -101 + -11?
-1000
In base 11, what is -4 - -363?
35a
In base 13, what is 714 - 3?
711
In base 16, what is 9 - 40a?
-401
In base 8, what is -2 - 66?
-70
In base 14, what is 1 - 11d7?
-11d6
In base 4, what is -1 - -130?
123
In base 5, what is 23 - 1024?
-1001
In base 2, what is 110000 + 11010110?
100000110
In base 15, what is 238a - 1?
2389
In base 8, what is -12 + 235?
223
In base 14, what is -4c55 - -4?
-4c51
In base 13, what is 17 - -5b?
75
In base 13, what is 357 - 0?
357
In base 13, what is -3 + 76?
73
In base 6, what is 1 + -103?
-102
In base 14, what is 4d - -c?
5b
In base 14, what is -3 - -5c?
59
In base 14, what is 5d - -139?
198
In base 9, what is 17 + -1024?
-1006
In base 6, what is -15502 + 4?
-15454
In base 13, what is 5 - 23bc?
-23b7
In base 7, what is -4 - -40?
33
In base 12, what is -51 - -3?
-4a
In base 11, what is -184 + -2?
-186
In base 5, what is -10 + 303?
243
In base 13, what is 30a8 - 3?
30a5
In base 6, what is 3 - 254?
-251
In base 16, what is -11 + d?
-4
In base 5, what is 131 - 3140?
-3004
In base 15, what is 4 + 11?
15
In base 6, what is 400 - 11?
345
In base 3, what is -122101 - 2?
-122110
In base 4, what is -1020 - -203?
-211
In base 13, what is -c - 7a3?
-7b2
In base 3, what is 2 - -20201?
20210
In base 11, what is -1 - -a8?
a7
In base 7, what is -3 - -1422?
1416
In base 15, what is -2 + 58?
56
In base 6, what is 2 + -10034?
-10032
In base 10, what is -108 - 0?
-108
In base 2, what is 1 - 101000?
-100111
In base 10, what is -304 + -9?
-313
In base 8, what is -3 + -1043?
-1046
In base 9, what is -13 - -47?
34
In base 10, what is 7 + -66?
-59
In base 3, what is 12 - 101200010?
-101122221
In base 7, what is -123 + -1?
-124
In base 15, what is c + 37a?
387
In base 11, what is -9 + -6?
-14
In base 3, what is -1021 - -12?
-1002
In base 12, what is 4 + -315?
-311
In base 7, what is 14 - 616?
-602
In base 11, what is -4 - 112?
-116
In base 3, what is 10 + -2121?
-2111
In base 4, what is -10 - 122000?
-122010
In base 10, what is 4 + 330?
334
In base 12, what is -309 + -2?
-30b
In base 6, what is -1441 + -4?
-1445
In base 13, what is 0 + -b90?
-b90
In base 12, what is 2 - -a?
10
In base 13, what is 3 - 1375?
-1372
In base 14, what is 0 + 25?
25
In base 13, what is 4 + -22b?
-227
In base 13, what is -1 - -a?
9
In base 15, what is 3a - 7?
33
In base 12, what is 5 - 12a?
-125
In base 16, what is 30 - 0?
30
In base 8, what is 13 + -13?
0
In base 15, what is -5 + 35?
30
In base 14, what is 1 + -42?
-41
In base 12, what is -18 - 26?
-42
In base 14, what is 5 + 53?
58
In base 13, what is -14 + -3?
-17
In base 8, what is -1 + -2714?
-2715
In base 4, what is -123011 - -2?
-123003
In base 13, what is -3 - -4761?
475b
In base 2, what is -100 + -110010010?
-110010110
In base 6, what is -110 - -10?
-100
In base 2, what is -1111010011 + -11?
-1111010110
In base 8, what is 14 + 2?
16
In base 8, what is 46430 + 3?
46433
In base 7, what is -1236 - 2?
-1241
In base 10, what is -5 - -21?
16
In base 10, what is 12 - -3?
15
In base 3, what is 100210 - 0?
100210
In base 3, what is 2 + 1002110?
1002112
In base 3, what is 2012 + 1?
2020
In base 10, what is 3 - -128?
131
In base 8, what is 12625 - -3?
12630
In base 10, what is -1 - -240?
239
In base 7, what is -143 + 3?
-140
In base 4, what is 203 - -100?
303
In base 2, what is -10010 + -10000001100?
-10000011110
In base 2, what is -1001001101111 + 101?
-1001001101010
In base 2, what is -100 + 10011011?
10010111
In base 8, what is 31 - -10?
41
In base 8, what is 1 - -371?
372
In base 13, what is -1140 - 1?
-1141
In base 11, what is -2 + 3173?
3171
In base 3, what is -10 + -20?
-100
In base 14, what is -25 + -4?
-29
In base 11, what is -23 + -12?
-35
In base 8, what is 355 - 3?
352
In base 2, what is -101 - 100?
-1001
In base 16, what is 52 - -9?
5b
In base 11, what is -1118 - 4?
-1121
In base 9, what is -150 - -2?
-147
In base 6, what is 1232 + 10?
1242
In base 15, what is -1c + 90?
73
In base 16, what is 3 - 221?
-21e
In base 8, what is -76 + -11?
-107
In base 7, what is 12413 - 3?
12410
In base 9, what is -1 - 541?
-542
In base 8, what is -54 - -17?
-35
In base 3, what is 12 - -2002110?
2002122
In base 16, what is 21 + -1e?
3
In base 10, what is -61 - 42?
-103
In base 3, what is 112 - 111110?
-110221
In base 12, what is -1 + 41?
40
In base 15, what is -dd - 31?
-11e
In base 2, what is -10101110101 - -100?
-10101110001
In base 15, what is d3 - 14?
be
In base 8, what is 151 - 0?
151
In base 6, what is -10 - 4?
-14
In base 8, what is -31470 - -5?
-31463
In base 8, what is 5 - -2011?
2016
In base 10, what is 835 + 1?
836
In base 8, what is -4073 - -4?
-4067
In base 2, what is -111010 + 0?
-111010
In base 3, what is 2102 - 12120?
-10011
In base 2, what is -111111110 - 10010?
-1000010000
In base 11, what is -5 - 52a?
-534
In base 13, what is 111 + 19?
12a
In base 7, what is -200 + 5?
-162
In base 14, what is 1d7 - 3?
1d4
In base 16, what is -5 - 31?
-36
In base 14, what is -4 - -318?
314
In base 12, what is -170 + -6b?
-21b
In base 12, what is -6 - 253?
-259
In base 7, what is 204 - -34?
241
In base 5, what is 204 - -3?
212
In base 9, what is -1 - 20?
-21
In base 10, what is -2 + -219?
-221
In base 3, what is -2101 - 100?
-2201
In base 9, what is 3 - 15?
-12
In base 6, what is -4 + -321?
-325
In base 13, what is -21 + -a8?
-c9
In base 9, what is 0 - 5?
-5
In base 15, what is -9b89 + 1?
-9b88
In base 12, what is -a + -a?
-18
In base 2, what is -11011 - -10001?
-1010
In base 13, what is 4 + -184?
-180
In base 3, what is 102 + -100210?
-100101
In base 7, what is 224 + -5?
216
In base 4, what is 0 + -122232?
-122232
In base 8, what is 176 - 2?
174
In base 11, what is 14 - -32?
46
In base 14, what is 82 + -3?
7d
In base 9, what is -5 - -20?
14
In base 9, what is -18 - 2?
-21
In base 7, what is